{"id":35,"date":"2017-05-12T17:01:05","date_gmt":"2017-05-12T15:01:05","guid":{"rendered":"http:\/\/residencegratteciel.com\/?page_id=35"},"modified":"2017-08-04T11:59:50","modified_gmt":"2017-08-04T09:59:50","slug":"accueil","status":"publish","type":"page","link":"https:\/\/residencegratteciel.com\/","title":{"rendered":"Pr\u00e9sentation"},"content":{"rendered":"<p style=\"text-align: left;\">\nLa R\u00e9sidence Gratte Ciel est id\u00e9alement situ\u00e9e au coeur du quartier central de Villeurbanne Gratte Ciel.<\/p>\n<p style=\"text-align: left;\">A 50 m\u00e8tres du m\u00e9tro Gratte Ciel ( Ligne A acc\u00e8s Bellecour ), des commerces et de l&rsquo;IUT LYON 1, l&#8217;emplacement est un atout de choix.<\/p>\n<p style=\"text-align: left;\">La R\u00e9sidence propose 28 studios\u00a0r\u00e9partis sur 4 niveaux, d&rsquo;une superficie de 16 \u00e0 23 m2.<\/p>\n<p style=\"text-align: left;\">Tous les studios sont enti\u00e8rement meubl\u00e9s, compos\u00e9s d&rsquo;une pi\u00e8ce \u00e0 vivre et d&rsquo;une salle de bain privative.<\/p>\n<p style=\"text-align: left;\">Un bureau d&rsquo;accueil est situ\u00e9 au rez-de-chauss\u00e9e avec une permanence quotidienne pour r\u00e9pondre aux besoins des occupants.<\/p>\n<p style=\"text-align: left;\"><img loading=\"lazy\" class=\"size-medium wp-image-168 aligncenter\" src=\"http:\/\/residencegratteciel.com\/wp-content\/uploads\/2017\/07\/Logo-RGC-moyen-300x160.png\" alt=\"\" width=\"300\" height=\"160\" \/><\/p>\n<p style=\"text-align: left;\"><img loading=\"lazy\" class=\"size-medium wp-image-197 alignnone\" src=\"http:\/\/residencegratteciel.com\/wp-content\/uploads\/2017\/05\/P1010768-e1501840341265-225x300.jpg\" alt=\"\" width=\"225\" height=\"300\" srcset=\"https:\/\/residencegratteciel.com\/wp-content\/uploads\/2017\/05\/P1010768-e1501840341265-225x300.jpg 225w, https:\/\/residencegratteciel.com\/wp-content\/uploads\/2017\/05\/P1010768-e1501840341265-768x1023.jpg 768w, https:\/\/residencegratteciel.com\/wp-content\/uploads\/2017\/05\/P1010768-e1501840341265-769x1024.jpg 769w\" sizes=\"(max-width: 225px) 100vw, 225px\" \/><img loading=\"lazy\" class=\"size-medium wp-image-79 alignnone\" src=\"http:\/\/residencegratteciel.com\/wp-content\/uploads\/2017\/06\/INSERTION-pc-comp-232x300.png\" alt=\"\" width=\"232\" height=\"300\" srcset=\"https:\/\/residencegratteciel.com\/wp-content\/uploads\/2017\/06\/INSERTION-pc-comp-232x300.png 232w, https:\/\/residencegratteciel.com\/wp-content\/uploads\/2017\/06\/INSERTION-pc-comp-768x992.png 768w, https:\/\/residencegratteciel.com\/wp-content\/uploads\/2017\/06\/INSERTION-pc-comp-793x1024.png 793w\" sizes=\"(max-width: 232px) 100vw, 232px\" \/><img loading=\"lazy\" class=\"size-medium wp-image-199 alignright\" src=\"http:\/\/residencegratteciel.com\/wp-content\/uploads\/2017\/05\/P1010820-e1501840539178-225x300.jpg\" alt=\"\" width=\"225\" height=\"300\" srcset=\"https:\/\/residencegratteciel.com\/wp-content\/uploads\/2017\/05\/P1010820-e1501840539178-225x300.jpg 225w, https:\/\/residencegratteciel.com\/wp-content\/uploads\/2017\/05\/P1010820-e1501840539178-768x1023.jpg 768w, https:\/\/residencegratteciel.com\/wp-content\/uploads\/2017\/05\/P1010820-e1501840539178-769x1024.jpg 769w\" sizes=\"(max-width: 225px) 100vw, 225px\" \/><img loading=\"lazy\" class=\"size-medium wp-image-201 alignright\" src=\"http:\/\/residencegratteciel.com\/wp-content\/uploads\/2017\/05\/P1010829-300x225.jpg\" alt=\"\" width=\"300\" height=\"225\" srcset=\"https:\/\/residencegratteciel.com\/wp-content\/uploads\/2017\/05\/P1010829-300x225.jpg 300w, https:\/\/residencegratteciel.com\/wp-content\/uploads\/2017\/05\/P1010829-768x577.jpg 768w, https:\/\/residencegratteciel.com\/wp-content\/uploads\/2017\/05\/P1010829-1024x769.jpg 1024w\" sizes=\"(max-width: 300px) 100vw, 300px\" \/><\/p>\n<p><img loading=\"lazy\" class=\"size-medium wp-image-150 alignright\" src=\"http:\/\/residencegratteciel.com\/wp-content\/uploads\/2017\/05\/IMG_1238-e1499866412975-225x300.jpg\" alt=\"\" width=\"225\" height=\"300\" srcset=\"https:\/\/residencegratteciel.com\/wp-content\/uploads\/2017\/05\/IMG_1238-e1499866412975-225x300.jpg 225w, https:\/\/residencegratteciel.com\/wp-content\/uploads\/2017\/05\/IMG_1238-e1499866412975-768x1024.jpg 768w\" sizes=\"(max-width: 225px) 100vw, 225px\" \/><\/p>\n","protected":false},"excerpt":{"rendered":"<p>La R\u00e9sidence Gratte Ciel est id\u00e9alement situ\u00e9e au coeur du quartier central de Villeurbanne Gratte Ciel. A 50 m\u00e8tres du m\u00e9tro Gratte Ciel ( Ligne A acc\u00e8s Bellecour ), des commerces et de l&rsquo;IUT LYON 1, l&#8217;emplacement est un atout de choix. La R\u00e9sidence propose 28 studios\u00a0r\u00e9partis sur 4 niveaux, d&rsquo;une superficie de 16 \u00e0 [&hellip;]<\/p>\n","protected":false},"author":1,"featured_media":0,"parent":0,"menu_order":0,"comment_status":"closed","ping_status":"closed","template":"","meta":[],"_links":{"self":[{"href":"https:\/\/residencegratteciel.com\/index.php\/wp-json\/wp\/v2\/pages\/35"}],"collection":[{"href":"https:\/\/residencegratteciel.com\/index.php\/wp-json\/wp\/v2\/pages"}],"about":[{"href":"https:\/\/residencegratteciel.com\/index.php\/wp-json\/wp\/v2\/types\/page"}],"author":[{"embeddable":true,"href":"https:\/\/residencegratteciel.com\/index.php\/wp-json\/wp\/v2\/users\/1"}],"replies":[{"embeddable":true,"href":"https:\/\/residencegratteciel.com\/index.php\/wp-json\/wp\/v2\/comments?post=35"}],"version-history":[{"count":24,"href":"https:\/\/residencegratteciel.com\/index.php\/wp-json\/wp\/v2\/pages\/35\/revisions"}],"predecessor-version":[{"id":170,"href":"https:\/\/residencegratteciel.com\/index.php\/wp-json\/wp\/v2\/pages\/35\/revisions\/170"}],"wp:attachment":[{"href":"https:\/\/residencegratteciel.com\/index.php\/wp-json\/wp\/v2\/media?parent=35"}],"curies":[{"name":"wp","href":"https:\/\/api.w.org\/{rel}","templated":true}]}}